ivided by 6?
4
Suppose 3*w = 117 - 18. Suppose 2*d - 15 = -d. Suppose 5*n = -2*a + 49, 4*a = a + d*n + 36. What is the remainder when w is divided by a?
16
Let i(o) = -o**3 - 2*o**2 + 6*o + 3. Let u be i(-4). Let q be 2*2 + (0 - -2). Let b = u - q. What is the remainder when 14 is divided by b?
4
Let s = -35 + 45. Calculate the remainder when s is divided by 5.
0
Suppose 55 = 5*s - 5*q, -4*q + 8 = -2*q. What is the remainder when s is divided by 4?
3
Let p = -25 + 36. Calculate the remainder when 20 is divided by p.
9
Let d = 9 - 3. What is the remainder when 22 is divided by ((-9)/d)/(3/(-16))?
6
Suppose 0 = 5*t + 8 - 58. Suppose -6*x - 48 = -t*x. What is the remainder when 47 is divided by x?
11
Let x be (-2)/(-6) - (-61)/(-3). Let j = 34 + x. Suppose -4*c + 60 = 5*y, 9*y - 4*y = 4*c + 20. Calculate the remainder when j is divided by y.
6
Suppose 0 = 6*y + 100 - 346. Calculate the remainder when y is divided by 12.
5
Let w(a) = -a**2 + 13*a + 3. Let l be w(13). Suppose l*r = r + 24. What is the remainder when 44 is divided by r?
8
Suppose -11*c = -7*c - 120. Suppose 0 = d - 2*d + 11. Calculate the remainder when c is divided by d.
8
Let a(w) = -w**2 - 7*w - 1. Let x be a(-6). Suppose -1 = -2*b - x. Let y = b + 9. What is the remainder when 19 is divided by y?
5
Let x(i) = 15*i**3 + i**2 - 2*i + 1. Let o(j) = -15*j - 48. Calculate the remainder when o(-6) is divided by x(1).
12
Let k(q) = -q**3 + 10*q**2 - 12*q + 11. Calculate the remainder when k(5) is divided by 13.
11
Let o(d) = -7*d - 1. Suppose 1 = -w + 2. Let p = w + 13. Calculate the remainder when o(-4) is divided by p.
13
Suppose -2*c + 31 = 9. What is the remainder when 37 is divided by c?
4
Suppose -34 - 8 = -2*k. Let y be 5/((-15)/(-156)) - 3. Suppose 5*b - y = -2*f - 2*f, -5*b - 50 = -5*f. Calculate the remainder when k is divided by f.
10
Suppose -7 = 3*x - w - 0*w, 3*x + 5*w + 1 = 0. Let n = x + 52. What is the remainder when n is divided by 13?
11
Let x(w) = w**2 - 16*w + 33. What is the remainder when (66/8)/(1/4) is divided by x(15)?
15
Let v = 12 + -12. Suppose v*n + 376 = 5*p - n, 0 = p + n - 74. What is the remainder when p is divided by 19?
18
Suppose -4*d - 5*u = -39, -3*u = 2*d - 0*u - 19. Let q be 4/(-12) + 122/6. Suppose i - 2*i + q = 0. What is the remainder when i is divided by d?
9
Let f(l) = -l**3 + 9*l**2 + 13*l + 11. Calculate the remainder when f(10) is divided by 7.
6
Suppose -r + 5*r + 4 = 0. Suppose -3*q - 2*d + 9 = 0, -q + 4*d + 32 = 3*q. What is the remainder when (-54)/(-4) + r/(-2) is divided by q?
4
Let k = -3 + 19. Suppose -5*p + p = k. Calculate the remainder when 10 is divided by p/10 - 32/(-5).
4
Let m(v) = 10*v - 9. What is the remainder when m(5) is divided by 9?
5
Suppose 0 = j - 5*b + 2 - 33, 3*j - b = 121. What is the remainder when 78 is divided by j?
37
Suppose 2*n - 664 = -2*n. Calculate the remainder when n is divided by 42.
40
Suppose 0*g + g - 2*q - 35 = 0, 0 = -3*g - 3*q + 78. Calculate the remainder when g is divided by 11.
7
Let c be (-3)/(-6) + 14/4. Calculate the remainder when 1/c - 111/(-4) is divided by 15.
13
Let r(m) = -m + 8. Let p be (0 - 2) + 16/2. Let n be r(p). Suppose -5*o + n*o + 12 = 0. What is the remainder when o is divided by 2?
0
Let b = 35 + -18. What is the remainder when b is divided by 111/12 - 1/4?
8
Suppose 5*m = h - 5, 3*m - 3*h = h + 14. Let o = m - -13. What is the remainder when 42 is divided by o?
9
Let a be (-3)/15 - 38/10. Let l(y) = y**3 + 4*y**2 - y - 2. What is the remainder when 3 is divided by l(a)?
1
Let u be 5*4/(4/(-1)). Let j = 2 - 1. Calculate the remainder when 4 is divided by j - 1 - (-8 - u).
1
Let l = 12 - 5. What is the remainder when 20*(-5)/12*-3 is divided by l?
4
Let v(g) = -g - 1. Let f be v(0). Calculate the remainder when 412/12 - (-4)/6 is divided by (f + -26)/((-24)/16).
17
What is the remainder when 29 is divided by -32*(15/30 - (0 + 1))?
13
Let y = 12 + -4. What is the remainder when 29 is divided by y?
5
Let m be 1/(3/(-6)*1). What is the remainder when (-3)/(39/(-15) - m) is divided by 4?
1
Let h(i) be the first derivative of i**3/3 - 7*i**2/2 - 4*i - 2. Calculate the remainder when h(8) is divided by 3.
1
Suppose 0 = -m + 6*m - t - 318, 58 = m - 3*t. What is the remainder when m is divided by 33?
31
Let x be (-20)/2*(-2)/4. Suppose 11 = x*o + 1. Suppose 2*y - 18 = -0*y - 2*g, -4*y = -o*g - 12. Calculate the remainder when 9 is divided by y.
4
Suppose -n + 2*i + 67 = 5*i, 203 = 4*n - i. Let g(u) = -u + 1. Calculate the remainder when n is divided by g(-10).
8
Let o(j) = -j**3 - 19*j**2 + 17*j - 21. Calculate the remainder when 153 is divided by o(-20).
36
Let s(l) = 2*l**2 + 5*l + 3. Let v be s(-3). Let j be v/27 + (-1464)/27. What is the remainder when 53 is divided by j/(-4) - (-3)/6?
11
Suppose -2*b = 6, 5*v = 4*b + 372 - 45. Calculate the remainder when v is divided by 13.
11
Suppose -5 = -i + 74. Calculate the remainder when i is divided by 20.
19
Suppose 0 = 26*m - 27*m + 6. What is the remainder when 15 is divided by m?
3
Suppose -7*k - k = -128. What is the remainder when 28 is divided by k?
12
Let v = 45 + -7. What is the remainder when v is divided by 20?
18
Let l = 1 - -1. Suppose l*w - 4 = -p, 4*p = w - 3*w + 4. What is the remainder when 4 is divided by w?
0
Let c = -12 + 46. Calculate the remainder when c is divided by 9.
7
Let n(x) = 10*x**3 + x + 1. Let t be n(-1). Let g = t - -24. What is the remainder when g is divided by 5?
4
Let t(n) = -n**3 + n**2 + 9. Let o = -1 + 6. Calculate the remainder when t(0) is divided by o.
4
Let c(h) = -6*h + 19. Calculate the remainder when c(-16) is divided by 31.
22
Suppose 4*b + 4*i - 176 = -0*b, -3*b + 112 = -i. Calculate the remainder when b is divided by 14.
11
Let w(h) = h**2 + h - 5. Let s be w(5). Suppose -v = -6*v + s. Suppose -3*i - m + 35 = 0, 5*i = 3*m + 7 + 70. Calculate the remainder when i is divided by v.
3
Let d = -8 - -29. Let f = -4 - -7. Suppose f*q - 6*q = -186. What is the remainder when q is divided by d?
20
Let k = 2 + 1. Suppose 0 = 3*s - 4*s + 4. Suppose -k*p + 5*n = -15, -s*p + 5*p - n = 7. What is the remainder when 19 is divided by p?
9
Suppose -2*n + 114 = 4*n. What is the remainder when 56 is divided by n?
18
Suppose -5*c - 6 = -2*j + 13, 2*c = -3*j. Suppose -2 = -4*y - j*w, -2*y + 5*y - 9 = w. Suppose 70 = 7*f - y*f. Calculate the remainder when 26 is divided by f.
12
Suppose -2*d + 6*d - 114 = -2*m, -4*m = -3*d - 283. Let n(l) = 4*l - 13. What is the remainder when m is divided by n(9)?
21
Let l be 3/(-6) - (-25)/2. Suppose 3*t - 3 - l = 0. Suppose -3*i = -3*u + 33 + 33, -t*i + 60 = 5*u. What is the remainder when u is divided by 9?
8
Let t(x) = x**3 - 5*x**2 + 4*x - 6. What is the remainder when (-3)/6 + 545/40*4 is divided by t(5)?
12
Let q be 4/6 - (-4)/3. Suppose q*s = -s + 51. What is the remainder when s is divided by 9?
8
Let v = -8 + 1. Let s(j) = -j**2 - 10*j - 8. Calculate the remainder when -2 + (3/3 - -38) is divided by s(v).
11
Calculate the remainder when 55 is divided by -1 - 24/(-20) - (-148)/10.
10
Let k(m) = 9*m - 44. Suppose 0 = j - 22 - 15. Calculate the remainder when j is divided by k(6).
7
Let k = 113 - 73. Let b(u) = -2*u + 0*u - 3*u + 1. What is the remainder when k is divided by b(-4)?
19
Let x = 7 + -3. Suppose -3*j = -4*v - 4*j - 4, 0 = 4*v - 2*j + x. Let f = 6 - v. Calculate the remainder when 19 is divided by f.
5
Suppose -4*w + 20 + 0 = 0. Suppose 0 = -w*d - 3*f + 15, -4*f - 31 = -3*d + 7. Let k = 55 + -44. What is the remainder when k is divided by d?
5
Suppose b - 5 = 0, -2*b - 11 - 7 = -4*s. Suppose -4*i - 4 = 12. Let c = 15 - i. What is the remainder when c is divided by s?
5
Suppose -3*u + 15 + 21 = 0. Let w(v) = v + 3. What is the remainder when 59 is divided by w(u)?
14
Suppose -n - 4*n = -310. Suppose -l + 3*l = n. What is the remainder when l is divided by 16?
15
Let o(j) = j**2 + 3*j - 2. Let w be o(-4). Let a(d) = 6*d**w + 0*d - 2 + 0 - 2*d. What is the remainder when a(3) is divided by 16?
14
Suppose 2*p - 5*l = 163, 5*l = 3*p + 85 - 342. Calculate the remainder when p is divided by 48.
46
Suppose -3*y + v = -v + 17, -y + 5*v - 10 = 0. Let w be 2/y - 6/(-15). Suppose 2*c - 20 = -w*c. Calculate the remainder when c is divided by 4.
2
Let j(g) = -